{"id":25,"date":"2024-10-06T13:11:03","date_gmt":"2024-10-06T11:11:03","guid":{"rendered":"https:\/\/totalnabiologia-konsultacje.pl\/?page_id=25"},"modified":"2025-09-24T09:04:41","modified_gmt":"2025-09-24T07:04:41","slug":"o-mnie","status":"publish","type":"page","link":"https:\/\/totalnabiologia-konsultacje.pl\/?page_id=25","title":{"rendered":"O mnie"},"content":{"rendered":"\n<div class=\"wp-block-media-text has-media-on-the-right is-stacked-on-mobile is-vertically-aligned-bottom\"><div class=\"wp-block-media-text__content\">\n<p>Nazywam si\u0119 Pawe\u0142 Rumin i uko\u0144czy\u0142emMi\u0119dzynarodowy Instytut Totalnej Biologii\u00ae i jestem certyfikowanym facylitatorem metody.<\/p>\n<\/div><figure class=\"wp-block-media-text__media\"><img loading=\"lazy\" decoding=\"async\" width=\"768\" height=\"1024\" src=\"https:\/\/totalnabiologia-konsultacje.pl\/wp-content\/uploads\/2025\/09\/20250922_194606-1-768x1024.jpg\" alt=\"\" class=\"wp-image-133 size-full\" srcset=\"https:\/\/totalnabiologia-konsultacje.pl\/wp-content\/uploads\/2025\/09\/20250922_194606-1-768x1024.jpg 768w, https:\/\/totalnabiologia-konsultacje.pl\/wp-content\/uploads\/2025\/09\/20250922_194606-1-225x300.jpg 225w, https:\/\/totalnabiologia-konsultacje.pl\/wp-content\/uploads\/2025\/09\/20250922_194606-1-1152x1536.jpg 1152w, https:\/\/totalnabiologia-konsultacje.pl\/wp-content\/uploads\/2025\/09\/20250922_194606-1-1536x2048.jpg 1536w, https:\/\/totalnabiologia-konsultacje.pl\/wp-content\/uploads\/2025\/09\/20250922_194606-1-scaled.jpg 1920w\" sizes=\"auto, (max-width: 768px) 100vw, 768px\" \/><\/figure><\/div>\n\n\n<p style=\"text-align: justify;\">Uczestnicz\u0119 w superwizjach organizowanych przez tw\u00f3rc\u0119 autorskiej metody Recall Healing\u00ae\/ Totalnej Biologii\u00ae dr Gilberta Renaud.\u00a0<\/p>\n<p style=\"text-align: justify;\">W ramach metody Totalnej Biologii\u00ae zdoby\u0142em wiedz\u0119 ko\u0144cz\u0105c nast\u0119puj\u0105ce kursy:\u00a0<\/p>\n\n\n<ul class=\"wp-block-list\">\n<li>Autyzm;&nbsp;<\/li>\n\n\n\n<li>Symbolizm w \u017cyciu i snach;&nbsp;<\/li>\n\n\n\n<li>Toolbox| Narz\u0119dzia Totalnej Biologii\u00ae ;&nbsp;<\/li>\n\n\n\n<li>The full body| Szkielet, z\u0119by i cia\u0142o cz\u0142owieka;&nbsp;<\/li>\n\n\n\n<li>Biologia dziecka;&nbsp;<\/li>\n\n\n\n<li>Weight workshop| Nadwaga, niedowaga, anoreksja i bulimia;&nbsp;<\/li>\n\n\n\n<li>Relacje, zwi\u0105zki i seksualno\u015b\u0107;&nbsp;<\/li>\n\n\n\n<li>Depresja i na\u0142ogi;&nbsp;<\/li>\n\n\n\n<li>Kurs podstawowy: Poziom 1,2 i 3.&nbsp;<\/li>\n<\/ul>\n\n\n\n<figure class=\"wp-block-image size-large\"><img loading=\"lazy\" decoding=\"async\" width=\"1024\" height=\"764\" src=\"https:\/\/totalnabiologia-konsultacje.pl\/wp-content\/uploads\/2024\/10\/certyfikat-facylitatora-1024x764.jpeg\" alt=\"\" class=\"wp-image-27\" srcset=\"https:\/\/totalnabiologia-konsultacje.pl\/wp-content\/uploads\/2024\/10\/certyfikat-facylitatora-1024x764.jpeg 1024w, https:\/\/totalnabiologia-konsultacje.pl\/wp-content\/uploads\/2024\/10\/certyfikat-facylitatora-300x224.jpeg 300w, https:\/\/totalnabiologia-konsultacje.pl\/wp-content\/uploads\/2024\/10\/certyfikat-facylitatora-768x573.jpeg 768w, https:\/\/totalnabiologia-konsultacje.pl\/wp-content\/uploads\/2024\/10\/certyfikat-facylitatora-1536x1146.jpeg 1536w, https:\/\/totalnabiologia-konsultacje.pl\/wp-content\/uploads\/2024\/10\/certyfikat-facylitatora.jpeg 2015w\" sizes=\"auto, (max-width: 1024px) 100vw, 1024px\" \/><\/figure>\n\n\n<p style=\"text-align:justify;\">Ponadto uko\u0144czy\u0142em kursy prowadzone przez Jacques\u2019a Martela i Lucie Bernier:<\/p>\n\n\n<ul class=\"wp-block-list\">\n<li>Uwalnianie emocji \u2013 \u201eTechnika ludzik\u00f3w z patyk\u00f3w\u00a9\u201d;<\/li>\n\n\n\n<li>Moc mi\u0142o\u015bci;<\/li>\n\n\n\n<li>5 krok\u00f3w do uzdrowienia.<\/li>\n<\/ul>\n","protected":false},"excerpt":{"rendered":"<p>Nazywam si\u0119 Pawe\u0142 Rumin i uko\u0144czy\u0142emMi\u0119dzynarodowy Instytut Totalnej Biologii\u00ae i jestem certyfikowanym facylitatorem metody. Uczestnicz\u0119 w superwizjach organizowanych przez tw\u00f3rc\u0119 autorskiej metody Recall Healing\u00ae\/ Totalnej Biologii\u00ae dr Gilberta Renaud.\u00a0 W ramach metody Totalnej Biologii\u00ae zdoby\u0142em wiedz\u0119 ko\u0144cz\u0105c nast\u0119puj\u0105ce kursy:\u00a0 Ponadto uko\u0144czy\u0142em kursy prowadzone przez Jacques\u2019a Martela i Lucie Bernier:<\/p>\n","protected":false},"author":1,"featured_media":0,"parent":0,"menu_order":0,"comment_status":"closed","ping_status":"closed","template":"","meta":{"_editorskit_title_hidden":false,"_editorskit_reading_time":0,"_editorskit_is_block_options_detached":false,"_editorskit_block_options_position":"{}","footnotes":""},"class_list":["post-25","page","type-page","status-publish","hentry"],"yoast_head":"<!-- This site is optimized with the Yoast SEO plugin v23.7 - https:\/\/yoast.com\/wordpress\/plugins\/seo\/ -->\n<title>O mnie - Totalna Biologia\u00ae<\/title>\n<meta name=\"robots\" content=\"index, follow, max-snippet:-1, max-image-preview:large, max-video-preview:-1\" \/>\n<link rel=\"canonical\" href=\"https:\/\/totalnabiologia-konsultacje.pl\/?page_id=25\" \/>\n<meta property=\"og:locale\" content=\"en_US\" \/>\n<meta property=\"og:type\" content=\"article\" \/>\n<meta property=\"og:title\" content=\"O mnie - Totalna Biologia\u00ae\" \/>\n<meta property=\"og:description\" content=\"Nazywam si\u0119 Pawe\u0142 Rumin i uko\u0144czy\u0142emMi\u0119dzynarodowy Instytut Totalnej Biologii\u00ae i jestem certyfikowanym facylitatorem metody. Uczestnicz\u0119 w superwizjach organizowanych przez tw\u00f3rc\u0119 autorskiej metody Recall Healing\u00ae\/ Totalnej Biologii\u00ae dr Gilberta Renaud.\u00a0 W ramach metody Totalnej Biologii\u00ae zdoby\u0142em wiedz\u0119 ko\u0144cz\u0105c nast\u0119puj\u0105ce kursy:\u00a0 Ponadto uko\u0144czy\u0142em kursy prowadzone przez Jacques\u2019a Martela i Lucie Bernier:\" \/>\n<meta property=\"og:url\" content=\"https:\/\/totalnabiologia-konsultacje.pl\/?page_id=25\" \/>\n<meta property=\"og:site_name\" content=\"Totalna Biologia\u00ae\" \/>\n<meta property=\"article:modified_time\" content=\"2025-09-24T07:04:41+00:00\" \/>\n<meta property=\"og:image\" content=\"https:\/\/totalnabiologia-konsultacje.pl\/wp-content\/uploads\/2025\/09\/20250922_194606-1-scaled.jpg\" \/>\n\t<meta property=\"og:image:width\" content=\"1920\" \/>\n\t<meta property=\"og:image:height\" content=\"2560\" \/>\n\t<meta property=\"og:image:type\" content=\"image\/jpeg\" \/>\n<meta name=\"twitter:card\" content=\"summary_large_image\" \/>\n<meta name=\"twitter:label1\" content=\"Est. reading time\" \/>\n\t<meta name=\"twitter:data1\" content=\"1 minute\" \/>\n<script type=\"application\/ld+json\" class=\"yoast-schema-graph\">{\"@context\":\"https:\/\/schema.org\",\"@graph\":[{\"@type\":\"WebPage\",\"@id\":\"https:\/\/totalnabiologia-konsultacje.pl\/?page_id=25\",\"url\":\"https:\/\/totalnabiologia-konsultacje.pl\/?page_id=25\",\"name\":\"O mnie - Totalna Biologia\u00ae\",\"isPartOf\":{\"@id\":\"https:\/\/totalnabiologia-konsultacje.pl\/#website\"},\"primaryImageOfPage\":{\"@id\":\"https:\/\/totalnabiologia-konsultacje.pl\/?page_id=25#primaryimage\"},\"image\":{\"@id\":\"https:\/\/totalnabiologia-konsultacje.pl\/?page_id=25#primaryimage\"},\"thumbnailUrl\":\"https:\/\/totalnabiologia-konsultacje.pl\/wp-content\/uploads\/2025\/09\/20250922_194606-1-768x1024.jpg\",\"datePublished\":\"2024-10-06T11:11:03+00:00\",\"dateModified\":\"2025-09-24T07:04:41+00:00\",\"breadcrumb\":{\"@id\":\"https:\/\/totalnabiologia-konsultacje.pl\/?page_id=25#breadcrumb\"},\"inLanguage\":\"en-US\",\"potentialAction\":[{\"@type\":\"ReadAction\",\"target\":[\"https:\/\/totalnabiologia-konsultacje.pl\/?page_id=25\"]}]},{\"@type\":\"ImageObject\",\"inLanguage\":\"en-US\",\"@id\":\"https:\/\/totalnabiologia-konsultacje.pl\/?page_id=25#primaryimage\",\"url\":\"https:\/\/totalnabiologia-konsultacje.pl\/wp-content\/uploads\/2025\/09\/20250922_194606-1-scaled.jpg\",\"contentUrl\":\"https:\/\/totalnabiologia-konsultacje.pl\/wp-content\/uploads\/2025\/09\/20250922_194606-1-scaled.jpg\",\"width\":1920,\"height\":2560},{\"@type\":\"BreadcrumbList\",\"@id\":\"https:\/\/totalnabiologia-konsultacje.pl\/?page_id=25#breadcrumb\",\"itemListElement\":[{\"@type\":\"ListItem\",\"position\":1,\"name\":\"Strona g\u0142\u00f3wna\",\"item\":\"https:\/\/totalnabiologia-konsultacje.pl\/\"},{\"@type\":\"ListItem\",\"position\":2,\"name\":\"O mnie\"}]},{\"@type\":\"WebSite\",\"@id\":\"https:\/\/totalnabiologia-konsultacje.pl\/#website\",\"url\":\"https:\/\/totalnabiologia-konsultacje.pl\/\",\"name\":\"Totalna Biologia\u00ae\",\"description\":\"\",\"potentialAction\":[{\"@type\":\"SearchAction\",\"target\":{\"@type\":\"EntryPoint\",\"urlTemplate\":\"https:\/\/totalnabiologia-konsultacje.pl\/?s={search_term_string}\"},\"query-input\":{\"@type\":\"PropertyValueSpecification\",\"valueRequired\":true,\"valueName\":\"search_term_string\"}}],\"inLanguage\":\"en-US\"}]}<\/script>\n<!-- \/ Yoast SEO plugin. -->","yoast_head_json":{"title":"O mnie - Totalna Biologia\u00ae","robots":{"index":"index","follow":"follow","max-snippet":"max-snippet:-1","max-image-preview":"max-image-preview:large","max-video-preview":"max-video-preview:-1"},"canonical":"https:\/\/totalnabiologia-konsultacje.pl\/?page_id=25","og_locale":"en_US","og_type":"article","og_title":"O mnie - Totalna Biologia\u00ae","og_description":"Nazywam si\u0119 Pawe\u0142 Rumin i uko\u0144czy\u0142emMi\u0119dzynarodowy Instytut Totalnej Biologii\u00ae i jestem certyfikowanym facylitatorem metody. Uczestnicz\u0119 w superwizjach organizowanych przez tw\u00f3rc\u0119 autorskiej metody Recall Healing\u00ae\/ Totalnej Biologii\u00ae dr Gilberta Renaud.\u00a0 W ramach metody Totalnej Biologii\u00ae zdoby\u0142em wiedz\u0119 ko\u0144cz\u0105c nast\u0119puj\u0105ce kursy:\u00a0 Ponadto uko\u0144czy\u0142em kursy prowadzone przez Jacques\u2019a Martela i Lucie Bernier:","og_url":"https:\/\/totalnabiologia-konsultacje.pl\/?page_id=25","og_site_name":"Totalna Biologia\u00ae","article_modified_time":"2025-09-24T07:04:41+00:00","og_image":[{"width":1920,"height":2560,"url":"https:\/\/totalnabiologia-konsultacje.pl\/wp-content\/uploads\/2025\/09\/20250922_194606-1-scaled.jpg","type":"image\/jpeg"}],"twitter_card":"summary_large_image","twitter_misc":{"Est. reading time":"1 minute"},"schema":{"@context":"https:\/\/schema.org","@graph":[{"@type":"WebPage","@id":"https:\/\/totalnabiologia-konsultacje.pl\/?page_id=25","url":"https:\/\/totalnabiologia-konsultacje.pl\/?page_id=25","name":"O mnie - Totalna Biologia\u00ae","isPartOf":{"@id":"https:\/\/totalnabiologia-konsultacje.pl\/#website"},"primaryImageOfPage":{"@id":"https:\/\/totalnabiologia-konsultacje.pl\/?page_id=25#primaryimage"},"image":{"@id":"https:\/\/totalnabiologia-konsultacje.pl\/?page_id=25#primaryimage"},"thumbnailUrl":"https:\/\/totalnabiologia-konsultacje.pl\/wp-content\/uploads\/2025\/09\/20250922_194606-1-768x1024.jpg","datePublished":"2024-10-06T11:11:03+00:00","dateModified":"2025-09-24T07:04:41+00:00","breadcrumb":{"@id":"https:\/\/totalnabiologia-konsultacje.pl\/?page_id=25#breadcrumb"},"inLanguage":"en-US","potentialAction":[{"@type":"ReadAction","target":["https:\/\/totalnabiologia-konsultacje.pl\/?page_id=25"]}]},{"@type":"ImageObject","inLanguage":"en-US","@id":"https:\/\/totalnabiologia-konsultacje.pl\/?page_id=25#primaryimage","url":"https:\/\/totalnabiologia-konsultacje.pl\/wp-content\/uploads\/2025\/09\/20250922_194606-1-scaled.jpg","contentUrl":"https:\/\/totalnabiologia-konsultacje.pl\/wp-content\/uploads\/2025\/09\/20250922_194606-1-scaled.jpg","width":1920,"height":2560},{"@type":"BreadcrumbList","@id":"https:\/\/totalnabiologia-konsultacje.pl\/?page_id=25#breadcrumb","itemListElement":[{"@type":"ListItem","position":1,"name":"Strona g\u0142\u00f3wna","item":"https:\/\/totalnabiologia-konsultacje.pl\/"},{"@type":"ListItem","position":2,"name":"O mnie"}]},{"@type":"WebSite","@id":"https:\/\/totalnabiologia-konsultacje.pl\/#website","url":"https:\/\/totalnabiologia-konsultacje.pl\/","name":"Totalna Biologia\u00ae","description":"","potentialAction":[{"@type":"SearchAction","target":{"@type":"EntryPoint","urlTemplate":"https:\/\/totalnabiologia-konsultacje.pl\/?s={search_term_string}"},"query-input":{"@type":"PropertyValueSpecification","valueRequired":true,"valueName":"search_term_string"}}],"inLanguage":"en-US"}]}},"_links":{"self":[{"href":"https:\/\/totalnabiologia-konsultacje.pl\/index.php?rest_route=\/wp\/v2\/pages\/25","targetHints":{"allow":["GET"]}}],"collection":[{"href":"https:\/\/totalnabiologia-konsultacje.pl\/index.php?rest_route=\/wp\/v2\/pages"}],"about":[{"href":"https:\/\/totalnabiologia-konsultacje.pl\/index.php?rest_route=\/wp\/v2\/types\/page"}],"author":[{"embeddable":true,"href":"https:\/\/totalnabiologia-konsultacje.pl\/index.php?rest_route=\/wp\/v2\/users\/1"}],"replies":[{"embeddable":true,"href":"https:\/\/totalnabiologia-konsultacje.pl\/index.php?rest_route=%2Fwp%2Fv2%2Fcomments&post=25"}],"version-history":[{"count":9,"href":"https:\/\/totalnabiologia-konsultacje.pl\/index.php?rest_route=\/wp\/v2\/pages\/25\/revisions"}],"predecessor-version":[{"id":135,"href":"https:\/\/totalnabiologia-konsultacje.pl\/index.php?rest_route=\/wp\/v2\/pages\/25\/revisions\/135"}],"wp:attachment":[{"href":"https:\/\/totalnabiologia-konsultacje.pl\/index.php?rest_route=%2Fwp%2Fv2%2Fmedia&parent=25"}],"curies":[{"name":"wp","href":"https:\/\/api.w.org\/{rel}","templated":true}]}}